f 35344544 and 32?
32
Calculate the greatest common divisor of 1659328 and 212130.
4714
Calculate the greatest common divisor of 63341 and 472778.
97
Calculate the highest common divisor of 62238 and 170929.
451
Calculate the highest common divisor of 18112 and 1690076.
1132
Calculate the greatest common divisor of 346356 and 4.
4
What is the highest common divisor of 34691736 and 1704?
1704
Calculate the highest common divisor of 26144613 and 4.
1
What is the highest common factor of 3322 and 2671190?
302
Calculate the greatest common factor of 264780293 and 218.
109
What is the highest common factor of 24 and 4922418?
6
Calculate the highest common divisor of 9857730 and 3840.
30
Calculate the highest common factor of 771003506 and 182.
182
Calculate the greatest common divisor of 231 and 17636997.
21
Calculate the highest common divisor of 59 and 173478644.
59
What is the greatest common factor of 47637 and 220095?
603
What is the greatest common factor of 12328 and 1144?
8
What is the greatest common factor of 332 and 1109393?
1
What is the greatest common factor of 257194819 and 119?
119
Calculate the greatest common divisor of 8463620 and 58327.
1241
Calculate the highest common divisor of 116 and 59888393.
29
What is the highest common factor of 352112 and 90624?
944
Calculate the highest common divisor of 406 and 112721956.
58
Calculate the highest common divisor of 5827516 and 3980.
796
Calculate the greatest common divisor of 38916762 and 12.
6
Calculate the highest common divisor of 73812 and 7042895.
6151
Calculate the greatest common factor of 35310864 and 1392.
1392
Calculate the highest common factor of 441601 and 23580.
131
Calculate the greatest common factor of 36240 and 3470735.
755
What is the highest common factor of 180514620 and 1584?
396
Calculate the highest common divisor of 1074731 and 49.
7
What is the greatest common divisor of 12765650 and 500?
50
Calculate the greatest common factor of 83 and 14733413.
83
What is the greatest common divisor of 8094332 and 54196?
3188
Calculate the greatest common divisor of 280984 and 10475512.
824
Calculate the greatest common divisor of 396 and 29830284.
396
Calculate the highest common factor of 151052 and 23408.
44
What is the highest common divisor of 57058 and 17057914?
1214
Calculate the greatest common factor of 9632 and 372638.
602
Calculate the highest common factor of 92 and 120286711.
23
Calculate the greatest common factor of 93 and 179061.
3
Calculate the highest common factor of 1657 and 54768821.
1657
What is the highest common divisor of 3 and 73668429?
3
What is the highest common factor of 2986344 and 703?
703
Calculate the greatest common divisor of 4906 and 13940399.
2453
What is the greatest common divisor of 12114 and 5853564?
18
What is the highest common factor of 162827 and 1274?
49
What is the greatest common divisor of 124 and 73196?
4
Calculate the highest common factor of 27330359 and 329.
329
Calculate the highest common divisor of 986832 and 9072.
1008
Calculate the greatest common divisor of 9270 and 7632.
18
Calculate the highest common factor of 24702641 and 19.
19
Calculate the greatest common divisor of 338 and 13281008.
26
What is the greatest common divisor of 26 and 3985111?
13
Calculate the highest common factor of 55281523 and 781.
781
Calculate the greatest common divisor of 2725886 and 53286.
166
Calculate the highest common factor of 263664 and 3924.
36
What is the greatest common factor of 2007 and 1077845301?
2007
What is the highest common factor of 14161 and 127211?
119
Calculate the highest common factor of 12973271 and 964.
241
What is the highest common divisor of 82 and 21072360?
82
What is the highest common divisor of 1240 and 6439010?
310
Calculate the greatest common factor of 1002064 and 441784.
1288
What is the highest common divisor of 36 and 11042436?
12
What is the greatest common divisor of 14706 and 1160613?
387
Calculate the greatest common divisor of 1393632 and 9468.
36
What is the greatest common factor of 105789062 and 974?
974
What is the greatest common factor of 4393697 and 135751?
3311
Calculate the highest common factor of 51 and 487555988.
17
Calculate the greatest common divisor of 742 and 801122.
14
Calculate the highest common factor of 6068 and 12409142.
82
What is the highest common divisor of 32717256 and 1482?
78
What is the greatest common divisor of 285554 and 114168?
134
What is the highest common divisor of 720 and 13105672?
8
What is the highest common divisor of 13895 and 2981491835?
13895
What is the greatest common divisor of 2079925 and 1750?
25
What is the highest common factor of 150 and 153393450?
150
Calculate the greatest common divisor of 2325 and 146254125.
2325
Calculate the highest common factor of 308 and 25894904.
28
What is the highest common divisor of 12825 and 108525?
75
What is the highest common factor of 39783 and 117561?
447
Calculate the highest common factor of 94 and 150974.
2
Calculate the highest common factor of 312169 and 19671938.
5291
What is the greatest common divisor of 33323340 and 3420?
1140
What is the greatest common factor of 6396 and 231564?
12
Calculate the highest common factor of 908292813 and 2397.
2397
What is the highest common divisor of 210627263 and 231?
77
Calculate the greatest common divisor of 367113 and 68967.
237
Calculate the highest common divisor of 9248 and 2558228.
1156
Calculate the highest common divisor of 5262 and 61862.
2
Calculate the greatest common divisor of 854 and 13090966.
854
Calculate the greatest common factor of 6856713 and 249.
249
Calculate the greatest common divisor of 91554 and 9870.
6
What is the greatest common factor of 63130 and 16847150?
1070
Calculate the greatest common divisor of 11137 and 2984157.
43
Calculate the greatest common divisor of 39094 and 2827207.
1777
What is the greatest common divisor of 22158755 and 87?
29
What is the highest common divisor of 438 and 767814?
438
What is the greatest common factor of 23366321 and 46?
23
What is the greatest common factor of 2156 and 1044043?
539
Calculate the highest common factor of 707 and 3461775.
101
What is the highest common factor of 33202720 and 96?
32
Calculate the greatest common divisor of 690 and 9981195.
345
What is the greatest common factor of 148884 and 25647228?
7836
What is the greatest common divisor of 14696771 and 107?
107
Calculate the greatest common factor of 19605569 and 5364.
149
What is the greatest common divisor of 63570085 and 705?
235
Calculate the greatest common factor of 4228 and 7553473.
151
Calculate the highest common divisor of 1350 and 4939200.
450
Calculate the highest common factor of 66 and 494360691.
33
Calculate the highest common divisor of 540 and 3125100.
60
Calculate the highest common divisor of 2162 and 9143098.
2162
Calculate the highest common factor of 18316741 and 304.
19
What is the greatest common factor of 204256 and 5377432?
3928
What is the highest common divisor of 732 and 7478661?
183
What is the highest common factor of 817 and 8979571?
19
Calculate the highest common factor of 1372 and 44416876.
28
What is the highest common factor of 152 and 3719272?
8
Calculate the highest common factor of 17532 and 56328.
12
Calculate the greatest common factor of 1418930 and 774090.
470
What is the greatest common factor of 2632 and 2030552?
8
Calculate the highest common divisor of 19354538 and 519778.
1918
Calculate the greatest common factor of 360 and 428029530.
30
Calculate the greatest common factor of 3162 and 1447890.
102
Calculate the highest common factor of 8712 and 185204536.
968
Calculate the highest common divisor of 1553288 and 880.
88
What is the greatest common factor of 1201370 and 11590?
190
What is the greatest common divisor of 1109469 and 1259043?
771
Calculate the highest common factor of 53302208 and 3264.
1088
What is the greatest common factor of 13571032 and 1768?
136
What is the greatest common divisor of 59022479 and 59?
59
Calculate the highest common factor of 5940 and 1376460.
540
What is the highest common factor of 1605 and 635441435?
535
Calculate the highest common factor of 552 and 7021392.
24
What is the highest common factor of 143 and 6921772?
143
What is the gre